hat is 269 (base 12) in base 5?
2434
What is 2cf (base 16) in base 13?
434
Convert -bc (base 16) to base 9.
-228
58e (base 16) to base 14
738
-21102 (base 4) to base 7
-1506
Convert -317 (base 9) to base 13.
-16c
Convert -4665 (base 13) to base 5.
-304020
27965 (base 10) to base 6
333245
What is -34258 (base 10) in base 16?
-85d2
What is 231212 (base 4) in base 7?
11336
Convert 33d (base 15) to base 7.
2065
-55b (base 12) to base 5
-11131
Convert -3343 (base 6) to base 10.
-783
Convert 1317 (base 9) to base 7.
2611
What is -c0a (base 13) in base 7?
-5641
-1002333 (base 4) to base 8
-10277
Convert -25a6 (base 11) to base 16.
-d37
Convert 932 (base 16) to base 15.
a6e
Convert 2100 (base 5) to base 9.
335
What is 755 (base 8) in base 7?
1303
Convert 329 (base 12) to base 8.
721
What is 20412 (base 6) in base 2?
101010111000
Convert -7859 (base 11) to base 7.
-42113
-1155 (base 9) to base 4
-31130
-1643 (base 10) to base 15
-748
Convert -13547 (base 9) to base 15.
-2ad1
100000110111110 (base 2) to base 16
41be
What is 2807 (base 14) in base 8?
15627
1a427 (base 12) to base 3
1221222111
What is 3202230 (base 4) in base 12?
8490
Convert 1410 (base 9) to base 5.
13222
What is 47606 (base 8) in base 6?
234130
What is -5a5 (base 16) in base 13?
-872
6c7 (base 13) to base 5
14202
Convert 2211022 (base 4) to base 7.
42550
9211 (base 12) to base 8
36755
What is 76b5 (base 15) in base 10?
25145
What is -428b (base 15) in base 9?
-21275
What is -287 (base 12) in base 16?
-187
1010011101000100 (base 2) to base 10
42820
-1199 (base 15) to base 13
-1920
Convert -a5 (base 14) to base 13.
-b2
What is -3041 (base 11) in base 9?
-5476
Convert -102011212 (base 3) to base 6.
-101422
Convert -3365 (base 7) to base 9.
-1608
What is -1451 (base 7) in base 15?
-285
1994 (base 12) to base 16
c40
-34806 (base 9) to base 8
-55325
What is 400 (base 6) in base 8?
220
-24750 (base 8) to base 6
-121400
Convert 1100212211 (base 3) to base 2.
110100100000111
What is 2101221212 (base 3) in base 14?
13386
d1 (base 16) to base 15
de
Convert -3211 (base 12) to base 16.
-156d
Convert -1024232 (base 5) to base 2.
-100010000100010
What is 5342 (base 7) in base 13?
b27
13234 (base 5) to base 8
2055
What is -84408 (base 9) in base 13?
-1c4a5
What is 754 (base 9) in base 14?
320
What is -bd6 (base 16) in base 8?
-5726
2260 (base 7) to base 9
1117
-1110011000011010 (base 2) to base 7
-333511
What is -3012 (base 5) in base 4?
-11332
Convert 4036 (base 11) to base 6.
40455
1000111010 (base 2) to base 5
4240
-13232 (base 5) to base 16
-42b
What is -4592 (base 12) in base 5?
-221432
-141 (base 8) to base 10
-97
Convert 3040 (base 5) to base 7.
1103
What is -135334 (base 7) in base 13?
-ba31
What is -201 (base 3) in base 14?
-15
1330 (base 5) to base 12
15b
3040 (base 6) to base 9
826
Convert -2e9 (base 15) to base 9.
-823
Convert -19 (base 16) to base 5.
-100
What is -19 (base 10) in base 11?
-18
135 (base 6) to base 13
47
Convert -871 (base 12) to base 9.
-1624
What is 13110 (base 5) in base 6?
4434
Convert 12f6 (base 16) to base 15.
1689
Convert 20210020 (base 3) to base 14.
1b35
Convert 8991 (base 13) to base 9.
28320
What is 2170 (base 16) in base 8?
20560
What is 24402 (base 8) in base 9?
15354
What is -378b (base 13) in base 7?
-32000
What is -1002001210 (base 3) in base 2?
-101001011000101
23302 (base 6) to base 16
d16
What is 286 (base 11) in base 3?
110110
-3420013 (base 5) to base 3
-10002011200
What is -36 (base 7) in base 5?
-102
10d14 (base 14) to base 2
1010000000010110
Convert -33412 (base 5) to base 15.
-a72
Convert 5547 (base 8) to base 11.
2214
-162b2 (base 12) to base 15
-951b
Convert -2a10 (base 13) to base 9.
-8324
-22c (base 13) to base 3
-111221
a2d (base 15) to base 13
1075
11101011000 (base 2) to base 7
5324
What is -20173 (base 8) in base 9?
-12358
What is 4034 (base 12) in base 3?
100112111
Convert 3cf (base 16) to base 15.
450
What is 12173 (base 8) in base 2?
1010001111011
-33521 (base 6) to base 15
-1604
Convert -31223 (base 8) to base 9.
-18675
What is 10010011110011 (base 2) in base 12?
5583
3031004 (base 5) to base 15
e739
What is -23123 (base 5) in base 11?
-1282
What is -4010 (base 9) in base 13?
-1440
-41213 (base 5) to base 3
-10200101
Convert -57 (base 15) to base 11.
-75
23032 (base 6) to base 7
12335
What is -204a (base 14) in base 2?
-1010110110010
What is 4504 (base 6) in base 2?
10000011000
730 (base 11) to base 4
31300
3c3 (base 16) to base 6
4243
-923 (base 13) to base 4
-120032
Convert 112122122 (base 3) to base 12.
6222
Convert -50516 (base 9) to base 2.
-1000000111001001
Convert -746 (base 8) to base 3.
-200000
-3207 (base 13) to base 2
-1101100011000
-75a (base 13) to base 4
-103222
1b02 (base 14) to base 9
6646
Convert 1299a (base 13) to base 7.
202612
211102001 (base 3) to base 2
11111111010000
10333 (base 4) to base 11
270
Convert -1202 (base 6) to base 13.
-194
5a51 (base 15) to base 3
222100011
What is -1001001111100 (base 2) in base 4?
-1021330
-113103 (base 4) to base 5
-21431
What is 1059 (base 15) in base 4?
312003
What is -117244 (base 8) in base 4?
-21322210
Convert -4815 (base 10) to base 2.
-1001011001111
-515625 (base 7) to base 11
-60512
What is 224313 (base 5) in base 13?
38aa
-35877 (base 9) to base 16
-5dee
-1684 (base 10) to base 11
-12a1
What is d785 (base 16) in base 15?
11533
-2174 (base 8) to base 3
-1120112
-2020112 (base 3) to base 13
-989
Convert -9358 (base 15) to base 5.
-1444013
What is 46 (base 16) in base 3?
2121
-369 (base 16) to base 3
-1012100
What is 3a5 (base 12) in base 5?
4212
-361f (base 16) to base 5
-420410
What is -3123a (base 11) in base 5?
-2424124
What is 1a19 (base 11) in base 8?
5001
101110100 (base 2) to base 10
372
-1aba2 (base 12) to base 6
-503522
-14673 (base 13) to base 5
-2212312
-11569 (base 12) to base 5
-1221030
467 (base 13) to base 16
2f9
-635 (base 7) to base 13
-1b8
Convert -50b2 (base 13) to base 10.
-11130
-99 (base 16) to base 5
-1103
Convert -23614 (base 7) to base 3.
-22102021
What is 46350 (base 7) in base 5?
334334
-a38 (base 11) to base 16
-4e3
Convert -1000110110000 (base 2) to base 12.
-2754
Convert -5055 (base 16) to base 10.
-20565
What is 153 (base 15) in base 11?
256
What is -4306 (base 7) in base 2?
-10111110101
3440 (base 5) to base 11
410
What is 1163 (base 9) in base 13?
519
-54b2 (base 16) to base 9
-32661
Convert -343 (base 5) to base 9.
-118
Convert -30022031 (base 4) to base 7.
-265130
What is -7a9 (base 16) in base 4?
-132221
-3041 (base 5) to base 8
-614
Convert 1182 (base 9) to base 12.
618
-1001122122 (base 3) to base 16
-5198
What is -6436 (base 10) in base 7?
-24523
26055 (base 7) to base 4
1223310
Convert 27c9 (base 14) to base 2.
1101101111101
What is 20111321 (base 4) in base 14?
c649
What is -2a3 (base 11) in base 5?
-2410
-23133032 (base 4) to base 6
-1001502
27736 (base 10) to base 8
66130
-235 (base 7) to base 15
-84
Convert 22542 (base 7) to base 11.
436a
32030 (base 5) to base 12
12a4
What is 10a8 (base 11) in base 9?
1880
What is -c693 (base 14) in base 9?
-51856
What is 3340 (base 7) in base 4?
102310
What is -159c (base 13) in base 9?
-4313
Convert 9348 (base 11) to base 14.
4734
What is 412 (base 9) in base 7?
656
What is -3042 (base 6) in base 2?
-1010100010
-2753 (base 10) to base 8
-5301
131 (base 6) to base 15
3a
Convert -1a5a (base 13) to base 4.
-331322
Convert 738 (base 16) to base 3.
2112110
-1131320 (base 4) to base 7
-23342
What is -105d (base 15) in base 10?
-3463
What is 1077 (base 8) in base 11?
483
What is 20203 (base 5) in base 12?
907
255050 (base 7) to base 15
e07e
What is -675 (base 10) in base 11?
-564
What is -13652 (base 7) in base 12?
-2215
What is -21303 (base 4) in base 2?
-1001110011
What is 2cee (base 15) in base 3?
111021022
What is -242 (base 14) in base 6?
-2030
b74 (base 13) to base 10
1954
What is -1110010 (base 2) in base 4?
-1302
Convert -12012 (base 4) to base 2.
-110000110
Convert 2102 (base 4) to base 7.
266
Convert -3875 (base 9) to base 4.
-231113
What is 1340112 (base 5) in base 2?
110101110001100
What is 529 (base 13) in base 7?
2365
-1777 (base 10) to base 5
-24102
What is -492 (base 13) in base 9?
-1073
11500 (base 7) to base 9
4081
What is -14a5 (base 11) in base 14?
-9bc
Convert -676b (base 14) to